/3 - -3?
23
Let j(g) = 2*g**2 + 4*g + 4. What is the remainder when j(4) is divided by 19?
14
Let l(r) = -r**3 - 7*r**2 + 12*r + 15. Calculate the remainder when l(-9) is divided by 14.
13
Suppose 0 = 5*v + f - 77, 11 = -0*v + v - 2*f. What is the remainder when v is divided by 1/(-2)*2*-4?
3
Let r be ((-10)/8)/(3/(-12)). Suppose 97 = r*c - 18. Calculate the remainder when c is divided by 6.
5
Suppose -6*w - w = -105. Calculate the remainder when w is divided by 6.
3
Let c be 2/1*(-76)/(-8). Suppose -3*y + 11 + c = 0. Let t(a) = 2*a**2 - 3*a - 6. Calculate the remainder when t(5) is divided by y.
9
Suppose 4*l + 4*n = 3*n + 56, 4*n = -l + 14. Let y be 12 + 2/(-6)*0. Suppose 3 = 3*f - y. What is the remainder when l is divided by f?
4
Suppose 5*p = 3*p + 6. What is the remainder when 14 is divided by p?
2
Let h(o) = -7*o**3 + 2*o**2 + 2*o + 1. What is the remainder when 11 is divided by h(-1)?
3
Let y(f) = -f**3 + 7*f**2 - 1. Let z be y(7). Let v be (2 + -2 + -7)*z. Let s = v - -21. What is the remainder when s is divided by 10?
8
What is the remainder when 1/(9/249) - 3/(-9) is divided by 15?
13
Let b(y) = -2*y - 9. Let x(n) = -2*n**3 + 2*n**2 + n. Let f be x(2). What is the remainder when 5 is divided by b(f)?
2
Let j = -4 + 7. Suppose -3*p - k + 13 = 0, -5*p + 4*k = 1 - 0. What is the remainder when j is divided by p?
0
Let h = 11 + -9. Suppose -h*o - 13 = -51. Suppose 4*x - 15 - 13 = 0. Calculate the remainder when o is divided by x.
5
Suppose -5*q + 260 = -5*v, 2*q = 2*v - 3*v + 101. Let x = 73 - q. Calculate the remainder when x is divided by 8.
6
Let n = -140 - -151. Let g(x) = -x**3 - 2*x**2 - 5*x - 4. Suppose v + 11 = -2*y, 2*v + 2 + 8 = -y. What is the remainder when g(v) is divided by n?
9
Let q(u) = -3*u**3 - 4*u**2 - u + 2. Let w = 4 + -6. Calculate the remainder when 35 is divided by q(w).
11
Suppose 0 = 2*f - f - 4. Let d(w) = -1 + 7 + 2*w - w. Calculate the remainder when d(0) is divided by f.
2
What is the remainder when (-334)/(-6) + (-4)/(-12) is divided by 19?
18
Calculate the remainder when 186 is divided by (135/10)/9 - (-62)/4.
16
Suppose 273 = 5*n - 3*k, 3*k = -n + 116 - 47. What is the remainder when n is divided by 15?
12
Suppose -29 + 218 = 7*s. What is the remainder when s is divided by 7?
6
Suppose 3*m - 8*m = -25. What is the remainder when (152/(-133))/(1/(-7)) is divided by m?
3
Let a = 10 - 11. What is the remainder when 5 is divided by 0 + -1 - (-4 - a)?
1
Suppose 0 = -l - 3 + 6. What is the remainder when 8 is divided by l?
2
Let l = 43 + -133. Let a = -18 + -40. Let n = a - l. Calculate the remainder when n is divided by 11.
10
Calculate the remainder when -1 + 2 + -1 + 55 is divided by 19.
17
Let s(m) = -m**3 - 15*m**2 + 32*m - 21. What is the remainder when 63 is divided by s(-17)?
11
Let b = -63 + 142. What is the remainder when b is divided by 20?
19
Suppose 5*o - 9 = 6. Let u(z) = z**2 + 7*z + 9. Let p be u(-6). Suppose -4*j + 23 = 5*y, y = 2*j + p*j + 22. Calculate the remainder when y is divided by o.
1
Let a(i) = 17*i - 2. Let n = 4 - 0. Suppose n*j = j + 51. Calculate the remainder when a(3) is divided by j.
15
Let d(j) = -j**3 - j**2 + 11. Calculate the remainder when d(0) is divided by 6.
5
Let t = 30 - 23. Calculate the remainder when t is divided by 5.
2
Let p = -29 - -73. Calculate the remainder when p is divided by 12.
8
Suppose 5*c - 92 = -2*r + 9, 0 = -2*c + 4*r + 26. What is the remainder when 71 is divided by c?
14
Let o be 1*(-25)/(-3 + 2). Let v = -14 + o. Calculate the remainder when 20 is divided by v.
9
Suppose q - 5*q + 224 = 0. Suppose 2*v + 3*v = -5*z + 65, 4*v + 5*z - q = 0. What is the remainder when 24 is divided by v?
6
Let k be (-7)/(-7)*(-1)/(-1). Let w(t) = 6*t**2 - 2*t + 2. Calculate the remainder when 23 is divided by w(k).
5
Suppose -n = -7 - 34. Let r = 65 - n. Calculate the remainder when r is divided by 5.
4
Let w = -5 + 22. Let b(t) = t**2 - 4*t + 2. Let j be b(4). Suppose j*z = 6, 2*a + z = 3*z + 12. What is the remainder when w is divided by a?
8
Let x be (4/2)/(1/20). Let i = x - 20. Suppose -5*c = 5*l - 10, -3*c - 3*l = l - 1. Calculate the remainder when i is divided by c.
6
What is the remainder when 1113/27 + (56/(-36))/7 is divided by 24?
17
Let y = 1 + 17. Calculate the remainder when 47 is divided by y.
11
What is the remainder when 9 is divided by (-9)/63 - 72/(-14)?
4
Let x = 37 - 604. What is the remainder when 1/2 + x/(-14) is divided by 14?
13
Suppose -v = 2*x, -5*x - 35 = -3*v + 9. What is the remainder when 37 is divided by v?
5
Let y(a) = -a**3 + 17*a**2 - 20*a - 22. Let m be y(16). Let s = 151 + m. Calculate the remainder when s is divided by 22.
21
Suppose -3*f - 4*f + 147 = 0. What is the remainder when f is divided by 14?
7
Let n(j) = j**2 - 3*j - 5. Calculate the remainder when 9 is divided by n(5).
4
Let v(p) = -6 - 3*p - 4*p + 3*p + 3*p. Calculate the remainder when 33 is divided by v(-15).
6
Let b(j) = -j**3 + 21*j**2 - 18*j - 37. Calculate the remainder when 11 is divided by b(20).
2
Let r(z) = z**3 - 8*z**2 - 9*z + 5. Calculate the remainder when r(9) is divided by 1.
0
Calculate the remainder when ((-18)/4)/(5/(-10)) is divided by 5 - (-2)/3*-3.
0
Suppose d + d - 8 = 0, 0 = -2*r - 5*d + 82. Calculate the remainder when r is divided by 11.
9
What is the remainder when -1*2/4 - (-837)/6 is divided by 14?
13
Suppose -d - 1256 = a + 3*a, 3785 = -3*d + 5*a. Calculate the remainder when (d/(-24))/((-3)/(-4)) is divided by 25 - 1/(-2 - -3).
22
Suppose f + o - 97 = 0, -3*f + 5*f + 4*o - 200 = 0. What is the remainder when f is divided by 8?
6
Let m(w) = w**2 + 7*w + 8. Let v be m(-6). Suppose v*l = 5*l - 84. What is the remainder when l is divided by (-14)/((-2)/2) - -1?
13
Let w be (2 - (-10)/(-6))*9. Suppose c - 11 = -w*o, 0*o - 2*o = -2*c + 22. Let a(u) = -3*u - 1. Calculate the remainder when a(-7) is divided by c.
9
Suppose -4*r + 3*o = 4*o - 217, -5*r = 5*o - 275. What is the remainder when r is divided by 14?
12
Let l = 9 + -3. Let t be 323/3 + 2/l. Calculate the remainder when 1/1 - t/(-3) is divided by 13.
11
Let k(d) be the third derivative of d**6/8 + d**5/30 - d**3/6 - 2*d**2. Suppose m + 0 = 6. What is the remainder when k(1) is divided by m?
4
Let d(i) = -28*i - 1. Let c be d(-1). Suppose 4*g - 5 = c. Calculate the remainder when 31 is divided by g.
7
Let y(i) = 5*i**2 - 6*i + 6. Let z be y(3). Suppose -w - 2*w + z = 0. Calculate the remainder when 41 is divided by w.
8
Let v = 0 + 1. Let m = v - 4. Let l = 1 - m. Calculate the remainder when 5 is divided by l.
1
Calculate the remainder when (3/2)/((-24)/(-1760)) is divided by 38.
34
Let u(l) = -l**3 + 6*l**2 - 2*l - 4. Suppose g - 5 + 0 = 0. Calculate the remainder when 30 is divided by u(g).
8
Suppose 282 = 5*z + 17. Suppose 5*m = -2*n + 98, 4*m - 3*n - 53 = 7. Calculate the remainder when z is divided by m.
17
Let i = 46 - 30. Suppose 5*r = -n + 3*n + i, -r = -4. Let d(y) = -y + 4. Calculate the remainder when n is divided by d(3).
0
Let l(y) = -31*y**3 - y**2 - 2*y - 1. Calculate the remainder when l(-1) is divided by 17.
14
Let r be (15/4)/((-2)/(-48)). Suppose -3*j + 109 = -g + 27, -3*j + 3*g = -r. Calculate the remainder when j is divided by 7.
5
Let y(u) be the second derivative of u**5/20 + 5*u**4/12 + u**3/3 - 2*u**2 - 2*u. Let v be (-1 - 2/(-4))*6. What is the remainder when y(v) is divided by 3?
2
Suppose 2*c = -0*c + 50. Suppose -a = a - 18. What is the remainder when c is divided by a?
7
Let v(h) = h + 5. Let m be v(6). Let x = m - -23. What is the remainder when x is divided by 12?
10
Suppose 15*m - 36 = 11*m. What is the remainder when 35 is divided by m?
8
Let r(q) = -q**3 - q**2 + q + 2. Let l(t) = t. Let m be l(-6). Let a = m + 4. Calculate the remainder when 6 is divided by r(a).
2
Suppose -3*i = -4*i + 10. What is the remainder when 27 is divided by i?
7
Let s(r) = r + 5. Suppose -4*c = -8*o + 3*o + 80, 0 = -5*o - c + 80. Calculate the remainder when o is divided by s(4).
7
Let z = 1 + 6. Let a = 11 + z. Calculate the remainder when 71 is divided by a.
17
Let m(z) be the second derivative of -z**5/20 + z**4/12 - z**3/6 + 5*z**2/2 + 2*z. What is the remainder when 8 is divided by m(0)?
3
What is the remainder when 26 is divided by -3*(5/(-3) - 3)?
12
Let w(y) 